**2 + 4660*b + 11340. What is u(12)?
12
Let r(h) = h**3 - 235*h**2 + 447*h + 43. Calculate r(2).
5
Let c(y) = 7*y**2 + 876*y + 233. Give c(-125).
108
Let m(l) = 10*l**2 - 39*l + 149. Calculate m(4).
153
Let g(y) = 44114*y - 220629. Determine g(5).
-59
Let v(n) = 2*n**3 - 147*n**2 - 644*n + 42191. What is v(74)?
11
Let s(t) = -10490*t - 556086. Give s(-53).
-116
Let u(h) = -20176*h - 121178. What is u(-6)?
-122
Let a(b) = -b**3 - 140*b**2 + 11733*b - 1573. What is a(-199)?
19
Let a(o) = 2092*o**2 - 24*o + 24. Calculate a(0).
24
Let o(t) = -t**3 - 3*t**2 - 10679*t + 119161. Give o(11).
-2
Let b(a) = 3*a**2 - 325*a + 620. What is b(108)?
512
Let y(m) = 8164*m + 65250. Determine y(-8).
-62
Let a(r) = 782*r + 7985. Determine a(-9).
947
Let a(o) = o**3 + 68*o**2 + 74*o + 3177. Determine a(-68).
-1855
Let p(z) = z**3 + 266*z**2 + 899*z + 29042. What is p(-263)?
112
Let s(d) = 98*d**2 - 8153*d - 6643. Give s(84).
-7
Let i(c) = -c**3 - 440*c**2 - 1187*c + 54239. Calculate i(-437).
51
Let r(t) = -3*t**3 - 18*t**2 - 58*t - 2. Give r(-4).
134
Let m(s) = 15*s**2 + 305*s + 26. Determine m(-17).
-824
Let o(k) = k**2 + 2570*k - 64864. What is o(25)?
11
Let b(k) = k**3 - 38*k**2 + 326*k + 304. What is b(22)?
-268
Let h(k) = -6*k**3 - 75*k**2 - 20*k - 37. Calculate h(-13).
730
Let s(h) = 10957*h - 43837. What is s(4)?
-9
Let g(i) = -6*i**2 + 337*i + 2326. Calculate g(-7).
-327
Let r(g) = g**2 - 71*g - 10903. Give r(-74).
-173
Let d(q) = -404*q + 6276. What is d(15)?
216
Let y(s) = -s**2 + 1041*s + 736094. Give y(-483).
2
Let g(b) = -1134*b - 759872. Determine g(-670).
-92
Let k(b) = -2568*b - 64083. Give k(-25).
117
Let n(g) = 4*g**3 + 791*g**2 - 195*g + 1282. Calculate n(-198).
688
Let o(r) = -39*r - 2995. What is o(-100)?
905
Let n(c) = 541*c + 213752. What is n(-395)?
57
Let l(x) = -x**3 - 54*x**2 - 718*x - 703. Calculate l(-31).
-548
Let o(g) = -1253*g - 25116. Determine o(-20).
-56
Let d(u) = 159*u**3 + 5085*u**2 - 101*u - 128. Calculate d(-32).
32
Let f(g) = -8*g**3 - 4601*g**2 + 8654*g - 579. Calculate f(-577).
-2
Let i(k) = -71*k**2 - 175*k - 45. Calculate i(-2).
21
Let l(m) = 9*m**2 + 508*m - 3373. Calculate l(6).
-1
Let z(i) = -9451*i + 3288933. What is z(348)?
-15
Let f(n) = -2*n**2 - 613557*n - 1840653. Calculate f(-3).
0
Let g(d) = -3*d**3 - 51*d**2 + 58*d - 149. Calculate g(0).
-149
Let q(a) = a**3 - 11*a**2 - 111*a + 1207. Calculate q(10).
-3
Let h(k) = -k**2 + 305*k + 88089. Determine h(-181).
123
Let i(d) = 3*d**3 - 27*d**2 - 11*d + 303. Calculate i(-4).
-277
Let t(r) = -30*r**2 - 558*r - 890. Determine t(-17).
-74
Let x(g) = 752*g**3 - g**2 + g. Give x(1).
752
Let h(y) = -15*y**2 - 2839*y + 29882. Determine h(10).
-8
Let g(c) = 3*c**2 + 15421*c - 200967. What is g(13)?
13
Let k(t) = -62*t - 1734. What is k(-30)?
126
Let q(m) = -15*m**3 + 212*m**2 + 212*m + 1. Calculate q(-1).
16
Let p(o) = -o**2 - 632*o + 124709. Determine p(158).
-111
Let j(c) = -2*c**3 - 687*c**2 - 1133*c - 36610. Give j(-342).
-16
Let q(s) = 42*s - 2978. Calculate q(-4).
-3146
Let i(n) = -n**3 + 363*n**2 + 403*n - 14210. What is i(364)?
-14
Let g(b) = -10*b**2 + 3360*b - 51209. Determine g(16).
-9
Let l(b) = -11*b**2 + 262*b - 1316. What is l(16)?
60
Let o(z) = -189*z - 1836. Determine o(-11).
243
Let h(d) = -142716*d**2 + 1855314*d + 9. Determine h(13).
87
Let l(h) = -393*h**2 + 6444*h + 111. What is l(17)?
-3918
Let j(x) = 49*x**2 - 409*x. What is j(9)?
288
Let c(t) = 3*t**3 + 44*t**2 - 109*t - 772. Give c(-16).
-52
Let i(w) = -350*w**2 + 120*w + 23. Determine i(-2).
-1617
Let u(f) = f**3 - 37*f**2 + 305*f + 75. What is u(12)?
135
Let v(c) = 2*c**2 + 172*c + 4970. What is v(-28)?
1722
Let z(k) = -2*k**3 - 104*k**2 + 407*k + 4171. Give z(-55).
-64
Let k(q) = -119*q + 1837. Determine k(9).
766
Let k(a) = -1553*a - 13956. Calculate k(-9).
21
Let c(z) = 2*z**3 + 12*z**2 - 95*z - 1293. Give c(-10).
-1143
Let o(p) = 149*p + 10129. Calculate o(-71).
-450
Let n(g) = -2*g**2 - 40*g + 2362. Give n(37).
-1856
Let h(d) = -19*d**3 + 1195*d**2 + 125*d + 54. What is h(63)?
-9
Let q(r) = 501*r**3 + 3515*r**2 + 11*r - 76. Give q(-7).
239
Let i(n) = 292*n**2 - 1484*n - 3977. Determine i(7).
-57
Let g(c) = -542554*c - 13021284. What is g(-24)?
12
Let w(c) = 848*c - 22125. Give w(26).
-77
Let b(m) = -m**3 - 35*m**2 - 588*m - 3377. What is b(-10)?
3
Let z(r) = r**3 - 143*r**2 + 2973*r + 41. What is z(25)?
616
Let x(u) = 706*u + 216742. Give x(-307).
0
Let g(j) = 23*j**3 - 146*j**2 + 23*j + 175. Calculate g(-1).
-17
Let b(c) = -10736*c - 2544415. What is b(-237)?
17
Let u(j) = -j**3 + 102*j**2 - 510*j + 21153. Determine u(99).
66
Let y(p) = 4242*p - 62966. Calculate y(15).
664
Let o(q) = 17*q**2 + 135*q - 564. Calculate o(4).
248
Let q(k) = -36*k**3 + 5299*k**2 - 11457*k + 294. Determine q(145).
4
Let j(f) = 1031*f + 13276. Determine j(-13).
-127
Let w(l) = 142*l + 5897. Determine w(-46).
-635
Let f(o) = -759*o + 13403. What is f(18)?
-259
Let c(p) = 2335*p - 69925. Calculate c(30).
125
Let w(r) = -r**2 - 862*r + 16284. Give w(19).
-455
Let v(r) = -14*r**2 - 169*r + 23. Calculate v(-7).
520
Let h(a) = -a**3 + 23*a**2 + 995*a - 3192. Calculate h(3).
-27
Let o(n) = n**3 - 58*n**2 - 406*n + 33591. What is o(54)?
3
Let g(l) = 2*l**3 - 161*l**2 - 6157*l - 6099. Give g(109).
5
Let n(s) = s**3 - 25*s**2 + 251*s - 1308. Determine n(14).
50
Let r(p) = -1110*p - 13449. Determine r(-12).
-129
Let z(i) = 113*i**2 + 41471*i - 7. What is z(-367)?
-7
Let f(c) = -13*c**2 + 6401*c + 49511. Determine f(500).
11
Let i(r) = 22*r**2 + 67*r + 45. What is i(-2)?
-1
Let a(x) = 125609*x + 2009730. Calculate a(-16).
-14
Let q(b) = b**2 - 17*b - 13369. Calculate q(127).
601
Let h(f) = 3*f**3 - 17*f**2 - 136*f + 112. Give h(-5).
-8
Let f(m) = 4*m**2 + 171*m + 4272. Determine f(-28).
2620
Let i(o) = -2204*o + 79359. Give i(36).
15
Let u(o) = 221659*o + 1773383. Give u(-8).
111
Let v(b) = 22079*b - 198870. Give v(9).
-159
Let y(b) = -27*b**2 + 40*b + 389. What is y(-8)?
-1659
Let s(d) = 8*d**2 + 689*d - 9437. Determine s(12).
-17
Let f(l) = -356*l**2 - 1764*l + 26. Give f(-5).
-54
Let a(z) = 2302*z**2 - 61*z - 58. Determine a(-1).
2305
Let m(z) = -1681*z**2 + 235343*z - 400. Determine m(140).
20
Let r(x) = 5*x**2 + 194*x - 2221. Determine r(11).
518
Let y(a) = 6*a**3 - 50*a**2 - 369*a + 49. Determine y(13).
-16
Let a(g) = -53*g**2 + 1300*g + 608. Determine a(25).
-17
Let a(s) = -s**2 + 145*s - 3891. Calculate a(39).
243
Let i(v) = -17673*v + 5213541. What is i(295)?
6
Let m(a) = -53*a**2 - 4957*a + 34700. Give m(7).
-2596
Let c(r) = 1859*r - 16724. Calculate c(9).
7
Let i(q) = 47826*q + 6552166. Determine i(-137).
4
Let r(w) = 4*w**2 - 258*w + 4047. Calculate r(28).
-41
Let t(q) = q**2 + 225*q + 12325. Determine t(-132).
49
Let k(j) = -2650*j - 121896. Give k(-46).
4
Let v(f) = -f**3 - 69*f + 501. Calculate v(8).
-563
Let g(b) = -331*b - 19126. Give g(-58).
72
Let y(c) = c**3 - 168*c**2 - 4786*c + 780267. Determine y(169).
-6
Let a(m) = m**2 + 1500*m + 39815. Give a(-27).
44
Let s(j) = 10*j**2 - 60*j - 290. Determine s(-8).
830
Let m(y) = -y**3 + 64*y**2 - 151*y - 86. Give m(3).
10
Let p(a) = 3*a**2 + 38*a - 14712. Calculate p(64).
8
Let j(f) = -f**3 + 34*f**2 - 162*f - 190. Determine j(28).
-22
Let b(s) = 432080*s + 1728333. Give b(-4).
13
Let n(v) = -12276*v - 85937. Calculate n(-7).
-5
Let y(a) = -146*a - 762. Determine y(-5).
-32
Let z(u) = u**3 + 149*u**2 - 2174*u - 343654. What is z(-148)?
2
Let t(m) = -2508*m + 178045. Give t(71).
-23
Let l(p) = 24136*p - 11174963. Determine l(463).
5
Let n(r) = 557*r + 12932. Determine n(-24).
-436
Let d(j) = 1584*j - 7911. Give d(5).
9
Let q(w) = -57*w**3 + w**2 - 195*w - 404. What is q(-2)?
446
Let u(d) = 5338*d + 80228. Give u(-15).
158
Let o(m) = -753*m - 20303. Calculate o(-27).
28
Let c(r) = 12*r**2 - 500*r + 4603. What is c(28)?
11
Let q(c) = -95688*c + 478362. What is q(5)?
-78
Let a(r) = -5*r**3 + 27*r**2 + 268*r - 1431. What is a(4)?
-247
Let k(u) = u**3 + 155*u**2 - 2542*u + 1368. Determine k(-170).
8
Let r(m) = -32*m**2 - 2455*m - 4778. Give r(-2).
4
Let b(q) = 2*q**2 + 262*q + 5640. Calculate b(-108).
672
Let q(m) = -m**3 + 167*m**2 - 1217*m - 8743. What is q(159)?
2
Let t(a) = -3*a**2 + 1390*a + 6882. Calculate t(-5).
-143
Let o(c) = -2*c**2 + 625*c + 36. Give o(